-c**2 + 26*c - 155. Let j be 360/35 - 4/14. What is the remainder when 12 is divided by x(j)?
2
Suppose 3*s - 12 = -3*u, 3*u - 2*s - 2*s = 5. Suppose -11 = g - u*d, g - 3*d - 2*d = -21. Suppose -g = -p + 72. Calculate the remainder when p is divided by 26.
24
Let u = -9725 - -10086. What is the remainder when u is divided by 63?
46
Let x(u) = 3*u**2 - 165*u + 2828. Calculate the remainder when 764 is divided by x(21).
78
Suppose i - 8*v = -51, 2*i + 3*i - 4*v - 33 = 0. Calculate the remainder when 564 is divided by i.
5
Suppose 12 = -9*a + 3*a. Let v be (1 + -3 - 15) + 6/a. Calculate the remainder when 13 is divided by (-17 - -18)/((-2)/v).
3
Let h = -16 - -20. Calculate the remainder when 403 is divided by -4*(-217)/28 - h.
25
Suppose -3 = h, 0 = 4*q + q + 2*h - 714. Suppose q = 14*v + 4. Calculate the remainder when 38 is divided by v.
8
Suppose -99*i - 2812 = -20495 - 335. Let s(r) = 36*r**2 - 2*r - 1. What is the remainder when i is divided by s(-1)?
34
Let y = -2 - 2. Let g be -7*(-1)/4*y. What is the remainder when 26 is divided by g/(35/(-15)) - -4?
5
Suppose -5*g - 2070 = -50*g. Suppose -4*j + 4*p = g - 230, -97 = -2*j + 3*p. Calculate the remainder when 71 is divided by j.
30
Suppose -4*r + 8 = -4*k, 12 - 38 = -3*r - k. Let n = 8 + r. Let x(b) = b**3 - 2*b**2 + 5*b - 1. What is the remainder when n is divided by x(2)?
6
Suppose -15*u = -171 - 144. Let m = -6 + 194. Calculate the remainder when m is divided by u.
20
Suppose -w + 424 = 4*r, 32 + 40 = r - 4*w. What is the remainder when 164 is divided by r?
60
Let y(u) = 3*u**2 + u - 41. Calculate the remainder when y(-9) is divided by 24.
1
Let m(z) = z**3 + 8*z**2 - 19*z + 18. Calculate the remainder when 2898 is divided by m(2).
18
Let t = -201 + 201. Suppose 5*l = t, -4*y - 6*l + 44 = -l. Calculate the remainder when (1/2)/((-1)/(-82)) is divided by y.
8
Let n = 337 + 41. Suppose 4*w + 4*r = -151 - 161, -2*r - n = 5*w. Let t = w + 116. What is the remainder when t is divided by 11?
9
Let q = -63 + 66. Let f = q - 3. What is the remainder when 195 is divided by -3 + 51 + 2 + f?
45
Let m = -23 + 50. Suppose -354 = -3*l - 39. Calculate the remainder when l is divided by m.
24
Let a be ((-3)/5)/(2/(-10)). Let s(b) = 3*b + 1 - 7*b + a*b. Calculate the remainder when 21 is divided by s(-3).
1
Suppose 149*t - 220017 = 1300677. Calculate the remainder when t is divided by 32.
30
Suppose 0 = 23066*r - 23087*r + 17346. Calculate the remainder when r is divided by 100.
26
Let n = -3238 + 3259. Calculate the remainder when n is divided by 9.
3
Let k = 34 + -33. Calculate the remainder when 146 is divided by k - (3 + -8) - -24.
26
Let m = -5886 + 5954. Calculate the remainder when 339 is divided by m.
67
Suppose -3*g + 4 = -2. Suppose -7*x - 260 = -g*x. Let v = x - -130. What is the remainder when v is divided by 20?
18
Let l = -495 - -199. Let q be (-1)/((-9)/(-3)) + l/(-6). Let k = 58 - q. Calculate the remainder when 18 is divided by k.
0
Let p(n) = -7*n**2 + 477*n - 71. What is the remainder when p(55) is divided by 48?
45
Suppose 4*n + 1478 = 2*m, -92*m + 1442 = -90*m + 5*n. What is the remainder when m is divided by 106?
95
Let g(k) = -k + 12. Suppose -8 = 20*y - 19*y + 4*b, -4 = 4*b. Suppose -25 = -s + 68. What is the remainder when s is divided by g(y)?
13
Suppose -13*x - 5*x = -162. Suppose -4*n + 3*p + 543 = 0, 126 = n + 5*p - x*p. Calculate the remainder when n is divided by 13.
8
Let m(b) = 6 - 136*b + 120*b - 2*b**2 + 4*b**2. Calculate the remainder when 29 is divided by m(9).
5
Let c = 2612 - 2269. What is the remainder when c is divided by 188?
155
What is the remainder when (34 + -34)/(2*-1) + 235 is divided by 16?
11
Suppose 0 = 2*i - 4*i + 140. Let p(y) = 3*y**2 + 24*y + 57. Suppose 0*z - 5*z = 5*q + 5, 4*z = -3*q - 1. What is the remainder when i is divided by p(q)?
10
Let m be 1/6 + (-470)/(-60). Suppose -m = -b + 49. Suppose -3*c - 24 = -b. Calculate the remainder when c is divided by 3.
2
Let i = -29798 + 31754. What is the remainder when i is divided by 20?
16
Suppose 0 = 12*b + 193 - 601. What is the remainder when 21793 is divided by b?
33
Let h(a) = 34*a - 56. Let i be h(9). Suppose -114 - i = -13*r. Calculate the remainder when 109 is divided by r.
25
Let z be -723*((-40)/(-48) - (-3)/(-6)). Let q = 292 + z. Suppose -5*m + 56 = -m. What is the remainder when q is divided by m?
9
Suppose 12*q - 39 - 107 = 34. Let x = 72 - 48. What is the remainder when x is divided by q?
9
Suppose 86*v - 84*v + 1432 = 4*t, -t - 5*v = -314. Calculate the remainder when t is divided by 151.
52
Suppose -3*a + 2*u + 1137 = 3*u, 2*u = 3*a - 1155. Suppose -n - 4*l - 72 = -4*n, 5*l = -n + 24. What is the remainder when a is divided by n?
21
Suppose 2*o + 6 = 0, o + 7 - 16 = -3*h. Suppose 3*p - 4*u = -2*p + 197, -8 = -h*u. Let v = p + -27. What is the remainder when 37 is divided by v?
9
Suppose 58 = -2*b - 2*z, -4*b + 7*b = -4*z - 85. Let w = -7962 - -8014. Let u = b + w. Calculate the remainder when 81 is divided by u.
18
Let x be 4 - (-2 - (-3 - -1)). Let o be (9 - (-15)/(-2))/(3/(-14)). Let i = x - o. Calculate the remainder when 76 is divided by i.
10
Let l = 42526 + -42314. Calculate the remainder when 1453 is divided by l.
181
Suppose 27*n + 1718 = 28*n + t, -t = -2. Calculate the remainder when n is divided by 106.
20
Suppose 75*n + 5 = 70*n. Let s be 7 + (n/(-2))/((-1)/2). Suppose -s*r - 480 = -11*r. What is the remainder when r is divided by 25?
21
Calculate the remainder when 221 is divided by 1 + -3 - -14*(16 + -14).
13
Let s(a) = -3*a**2 + 4*a + 1. Let m be s(3). Calculate the remainder when (-4)/6*(2051/m - -1) is divided by 32.
1
Suppose 0 = 9*m - 4*m - 2*o - 1202, -2*m - 5*o + 504 = 0. Let r(t) = t**3 + 8*t**2 - 40*t - 28. Calculate the remainder when m is divided by r(-11).
46
Let q(r) = -6*r**2 - r + 1. Let o be q(-3). Let d = 1 + 56. Let m = d + o. What is the remainder when 21 is divided by m?
0
Suppose -5*p = -3*p + 2, -y - 10 = 2*p. Suppose 0 = -4*j - 11 + 39. Calculate the remainder when y/(-20)*(18 - -2) is divided by j.
1
Let c(s) = -s**2 - 9*s + 4. Let r(p) = 36*p**2 + 184*p + 23. What is the remainder when c(-7) is divided by r(-5)?
0
Let r(g) be the third derivative of -g**4/4 + 23*g**3/2 + g**2 + 5*g. What is the remainder when r(10) is divided by 8?
1
Let j(c) = c**2 + 12*c - 15. Let t be j(11). What is the remainder when 44 is divided by (2 + -1)*t/14?
10
What is the remainder when ((-7)/(105/1332))/((-12)/40) is divided by 2*53 - (336/49 - (-6)/42)?
98
Let z = -275 - -260. Let n = z + 33. What is the remainder when 86 is divided by n?
14
Let z(k) be the second derivative of -k**3/3 - k**2 - 18*k. Suppose -37 = 4*a - 1. Calculate the remainder when z(a) is divided by 3.
1
Suppose -3*z = 3*k - 825, -542 = -2*k + 19*z - 23*z. What is the remainder when 298 is divided by k?
19
Let a = -6231 - -7079. Calculate the remainder when a is divided by 80.
48
Suppose 374 = z - 3*d, -2*d - 1720 - 2425 = -11*z. Calculate the remainder when z is divided by 63.
62
Suppose 0 = -3*u + 4*h + 359, 40 = -3*u - 4*h + 407. Calculate the remainder when 254 is divided by u.
12
Let p = 802 - 786. Suppose 2*k = -2*k + 40. Calculate the remainder when p/(-2) - (-64 - -19) is divided by k.
7
Suppose -4*c = 4*y - 332, -458 + 61 = -5*y - 3*c. Calculate the remainder when 9469 is divided by y.
71
Suppose 2 = 3*d + 2*u - 3*u, d - 4*u + 14 = 0. Suppose 5*n - 6 = -2*a + d*n, -3*n - 39 = -3*a. What is the remainder when 44 is divided by a?
8
Let k = 872 + 173. Suppose 0 = 19*h - 3268 + k. What is the remainder when h is divided by 24?
21
Suppose 837*h = 862*h - 100. Let q(u) = u**3 - 6*u**2 - 6*u - 4. Calculate the remainder when 5 + 11*(h - 3) is divided by q(7).
1
Suppose -2*f + 2*q + 136 = 0, 7*f - 4*f + 2*q - 219 = 0. Let i = -95 + 62. What is the remainder when f is divided by i/(-22)*(-38)/(-3)?
14
Suppose 3 = i, -3*p - 5*i + 635 = p. Let r = p + -122. Calculate the remainder when r is divided by 5.
3
Calculate the remainder when (-6 - -1) + 350 + -324 is divided by 21.
0
Let w = -4160 - -4199. Calculate the remainder when 172 is divided by w.
16
Let b(s) = -5*s**2 - 128*s + 73. Calculate the remainder when 817 is divided by b(-26).
19
Suppose 2332 = -1894*w + 1947*w. What is the remainder